{"id":183,"date":"2024-05-20T21:27:55","date_gmt":"2024-05-20T21:27:55","guid":{"rendered":"https:\/\/webbycraft.com\/shop\/?post_type=product&#038;p=183"},"modified":"2024-05-20T21:28:07","modified_gmt":"2024-05-20T21:28:07","slug":"cimetech-wireless-keyboard-and-mouse-combo-compact-full-size-wireless-computer-keyboard-and-mouse-set-2-4g-ultra-thin-sleek-design-for-windows-computer-desktop-pc-notebook-laptop-grey","status":"publish","type":"product","link":"https:\/\/webbycraft.com\/shop\/product\/cimetech-wireless-keyboard-and-mouse-combo-compact-full-size-wireless-computer-keyboard-and-mouse-set-2-4g-ultra-thin-sleek-design-for-windows-computer-desktop-pc-notebook-laptop-grey\/","title":{"rendered":"cimetech Wireless Keyboard and Mouse Combo, Compact Full Size Wireless Computer Keyboard and Mouse Set 2.4G Ultra-Thin Sleek Design for Windows, Computer, Desktop, PC, Notebook, Laptop &#8211; Grey"},"content":{"rendered":"<ul>\n<li>\u3010Slim and Ergonomic Design\u3011 The slim wireless keyboard and mouse combo has a tilt angle for the great typing position.Sweat-resistant, skin-friendly finish wireless mouse in contoured shape would provide hours of work comfortably. The full size wireless keyboard type fast with numeric keypad and instant access your music,internet,e-mail,volume,etc by multi-media hot keys.(The hot-keys not fully compatible with Mac System)<\/li>\n<li>\u3010Less Noise&#038;Profile Keys Typing\u3011 The wireless keyboard&#8217;s noise reduced keys and the silent click of the quiet mice will allow you to do your job without missing a sound or disturbing your environment. The wireless keyboard and mouse combo features auto sleeping mode, plus on\/off switches to help conserve battery use, you can go for months without the hassle of changing the batteries.(AA batteries are not included)<\/li>\n<li>\u3010Fast Operation 2.4G Wireless Plug and Play\u3011 Simply connect both your portable wireless keyboard and mouse set with one USB receiver(The nano receiver just snap in the storage of mouse near battery compartment.) without any software and then enjoy a strong and reliable wireless connection up to 10 meters(33 ft) away with virtually no delays or dropouts.<\/li>\n<li>\u3010HIGH PRECITION\u3011 Wireless Mouse DPI 1600 in 3 levels- You can easily change the cursor sensitivity of this cordless mouse depending on your activities;usually 800 DPI for office, DPI 1200-1600 for 4K resolution monitor or entertainment like gaming at home. 2 polling rate: 125Hz and 250Hz; adjusted by pressing the right key and the wheel simultaneously at 3s for change.<\/li>\n<li>\u3010Compatible Wireless Keyboard and Mouse Combo\u3011 The keyboard and mouse combo includes a full-size keyboard and a high sensitivity mouse. Works with your PC, desktop computer, laptop or notebook. Compatible with Windows XP \/ Vista \/ 7 \/ 8 \/10 operating systems.<\/li>\n<li>\u3010Sales support\u3011: Our wireless keyboard kit products provide customers with perfect technical support, our customer service support team can quickly deal with any technical problems when you encounter problems.<\/li>\n<li>\u3010dise\u00f1o delgado y ergon\u00f3mico\u3011 la delgada combinaci\u00f3n de teclado y rat\u00f3n inal\u00e1mbrico tiene un \u00e1ngulo de inclinaci\u00f3n y se puede utilizar en una excelente posici\u00f3n de mecanograf\u00eda. El rat\u00f3n inal\u00e1mbrico con forma de contorno antisudor y pro &#8211; piel puede funcionar c\u00f3modamente durante horas. El teclado inal\u00e1mbrico de tama\u00f1o completo est\u00e1 equipado con un teclado digital que permite un acceso r\u00e1pido a la m\u00fasica, internet, correo electr\u00f3nico, volumen, etc. a trav\u00e9s de teclas calientes multimedia. (las teclas calientes no son completamente compatibles con el sistema mac)<\/li>\n<li>\u3010reducci\u00f3n de ruido y mecanograf\u00eda de teclas de contorno\u3011 las teclas de reducci\u00f3n de ruido del teclado inal\u00e1mbrico y los clics silenciosos del rat\u00f3n le permitir\u00e1n hacer su trabajo sin perder el sonido o interferir con el entorno. La combinaci\u00f3n de teclado y rat\u00f3n inal\u00e1mbrico tiene un modo de sue\u00f1o autom\u00e1tico y, junto con los interruptores que ayudan a ahorrar el uso de la bater\u00eda, puede prescindir de cambiar la bater\u00eda durante varios meses. (excluyendo bater\u00edas aa)<\/li>\n<li>\u3010operaci\u00f3n r\u00e1pida 2.4G Plug and Play inal\u00e1mbrico\u3011 basta con conectar su teclado y Grupo de rat\u00f3n inal\u00e1mbrico port\u00e1til a un receptor USB (el nanoreceptor solo necesita insertar el espacio de almacenamiento del rat\u00f3n cerca de la Caja de la bater\u00eda), sin ning\u00fan software para disfrutar de una conexi\u00f3n inal\u00e1mbrica potente y confiable a 10 metros (33 pies) de distancia, sin apenas retraso ni desprendimiento.<\/li>\n<li>\u3010alta precisi\u00f3n\u3011 rat\u00f3n inal\u00e1mbrico de tres niveles DPI 1600 &#8211; puede cambiar f\u00e1cilmente la sensibilidad del cursor de este rat\u00f3n inal\u00e1mbrico de acuerdo con sus propias actividades; Por lo general, 800 DPI se utilizan para oficinas y 1200 &#8211; 1600 DPI se utilizan para pantallas de resoluci\u00f3n 4k o entretenimiento como jugar juegos en casa. 2 tasas de votaci\u00f3n: 125 Hz y 250 hz; Presione el bot\u00f3n derecho y el rodillo durante 3 segundos para ajustarse para hacer cambios.<\/li>\n<\/ul>\n<ul>\n<li>\u3010Slim and Ergonomic Design\u3011 The slim wireless keyboard and mouse combo has a tilt angle for the great typing position.Sweat-resistant, skin-friendly finish wireless mouse in contoured shape would provide hours of work comfortably. The full size wireless keyboard type fast with numeric keypad and instant access your music,internet,e-mail,volume,etc by multi-media hot keys.(The hot-keys not fully compatible with Mac System)<\/li>\n<li>\u3010Less Noise&#038;Profile Keys Typing\u3011 The wireless keyboard&#8217;s noise reduced keys and the silent click of the quiet mice will allow you to do your job without missing a sound or disturbing your environment. The wireless keyboard and mouse combo features auto sleeping mode, plus on\/off switches to help conserve battery use, you can go for months without the hassle of changing the batteries.(AA batteries are not included)<\/li>\n<li>\u3010Fast Operation 2.4G Wireless Plug and Play\u3011 Simply connect both your portable wireless keyboard and mouse set with one USB receiver(The nano receiver just snap in the storage of mouse near battery compartment.) without any software and then enjoy a strong and reliable wireless connection up to 10 meters(33 ft) away with virtually no delays or dropouts.<\/li>\n<li>\u3010HIGH PRECITION\u3011 Wireless Mouse DPI 1600 in 3 levels- You can easily change the cursor sensitivity of this cordless mouse depending on your activities;usually 800 DPI for office, DPI 1200-1600 for 4K resolution monitor or entertainment like gaming at home. 2 polling rate: 125Hz and 250Hz; adjusted by pressing the right key and the wheel simultaneously at 3s for change.<\/li>\n<li>\u3010Compatible Wireless Keyboard and Mouse Combo\u3011 The keyboard and mouse combo includes a full-size keyboard and a high sensitivity mouse. Works with your PC, desktop computer, laptop or notebook. Compatible with Windows XP \/ Vista \/ 7 \/ 8 \/10 operating systems.<\/li>\n<li>\u3010Sales support\u3011: Our wireless keyboard kit products provide customers with perfect technical support, our customer service support team can quickly deal with any technical problems when you encounter problems.<\/li>\n<li>\u3010dise\u00f1o delgado y ergon\u00f3mico\u3011 la delgada combinaci\u00f3n de teclado y rat\u00f3n inal\u00e1mbrico tiene un \u00e1ngulo de inclinaci\u00f3n y se puede utilizar en una excelente posici\u00f3n de mecanograf\u00eda. El rat\u00f3n inal\u00e1mbrico con forma de contorno antisudor y pro &#8211; piel puede funcionar c\u00f3modamente durante horas. El teclado inal\u00e1mbrico de tama\u00f1o completo est\u00e1 equipado con un teclado digital que permite un acceso r\u00e1pido a la m\u00fasica, internet, correo electr\u00f3nico, volumen, etc. a trav\u00e9s de teclas calientes multimedia. (las teclas calientes no son completamente compatibles con el sistema mac)<\/li>\n<li>\u3010reducci\u00f3n de ruido y mecanograf\u00eda de teclas de contorno\u3011 las teclas de reducci\u00f3n de ruido del teclado inal\u00e1mbrico y los clics silenciosos del rat\u00f3n le permitir\u00e1n hacer su trabajo sin perder el sonido o interferir con el entorno. La combinaci\u00f3n de teclado y rat\u00f3n inal\u00e1mbrico tiene un modo de sue\u00f1o autom\u00e1tico y, junto con los interruptores que ayudan a ahorrar el uso de la bater\u00eda, puede prescindir de cambiar la bater\u00eda durante varios meses. (excluyendo bater\u00edas aa)<\/li>\n<li>\u3010operaci\u00f3n r\u00e1pida 2.4G Plug and Play inal\u00e1mbrico\u3011 basta con conectar su teclado y Grupo de rat\u00f3n inal\u00e1mbrico port\u00e1til a un receptor USB (el nanoreceptor solo necesita insertar el espacio de almacenamiento del rat\u00f3n cerca de la Caja de la bater\u00eda), sin ning\u00fan software para disfrutar de una conexi\u00f3n inal\u00e1mbrica potente y confiable a 10 metros (33 pies) de distancia, sin apenas retraso ni desprendimiento.<\/li>\n<li>\u3010alta precisi\u00f3n\u3011 rat\u00f3n inal\u00e1mbrico de tres niveles DPI 1600 &#8211; puede cambiar f\u00e1cilmente la sensibilidad del cursor de este rat\u00f3n inal\u00e1mbrico de acuerdo con sus propias actividades; Por lo general, 800 DPI se utilizan para oficinas y 1200 &#8211; 1600 DPI se utilizan para pantallas de resoluci\u00f3n 4k o entretenimiento como jugar juegos en casa. 2 tasas de votaci\u00f3n: 125 Hz y 250 hz; Presione el bot\u00f3n derecho y el rodillo durante 3 segundos para ajustarse para hacer cambios.<\/li>\n<\/ul>\n<div class=\"buy_now_block\"><a href=\"https:\/\/www.amazon.com\/dp\/B088CQTMY9?tag=reviewgeek-21&#038;linkCode=osi&#038;th=1&#038;psc=1\" target=\"_blank\" rel=\"noopener\">Buy Now<\/a><\/div>\n","protected":false},"excerpt":{"rendered":"<p>&#12304;Slim and Ergonomic Design&#12305; The slim wireless keyboard and mouse combo has a tilt angle for the great typing position.Sweat-resistant, skin-friendly finish wireless mouse in contoured shape would provide hours of work comfortably. The full size wireless keyboard type fast with numeric keypad and instant access your music,internet,e-mail,volume,etc by multi-media hot keys.(The hot-keys not fully [&hellip;]<\/p>\n","protected":false},"featured_media":223,"comment_status":"open","ping_status":"closed","template":"","meta":{"seo_booster_metabox":"","sfsi_plus_gutenberg_text_before_share":"","sfsi_plus_gutenberg_show_text_before_share":"","sfsi_plus_gutenberg_icon_type":"","sfsi_plus_gutenberg_icon_alignemt":"","sfsi_plus_gutenburg_max_per_row":""},"product_brand":[],"product_types":[5],"product_visibilitys":[],"product_cat":[18],"product_tag":[],"product_shipping_classs":[],"pos_product_visibilitys":[],"pa_apew_brands":[],"pa_apew_heights":[],"pa_apew_lengths":[],"pa_apew_manufacturers":[],"pa_apew_models":[],"pa_apew_quantitys":[],"pa_apew_sizes":[],"pa_apew_upcs":[],"pa_apew_weights":[],"pa_apew_widths":[],"class_list":{"0":"post-183","1":"product","2":"type-product","3":"status-publish","4":"has-post-thumbnail","6":"product_cat-office","8":"first","9":"instock","10":"sale","11":"shipping-taxable","12":"product-type-external"},"guten_post_layout_featured_media_urls":{"full":["https:\/\/webbycraft.com\/shop\/wp-content\/uploads\/2024\/05\/171579946041rJMYnCU6L.jpg",500,500,false],"thumbnail":["https:\/\/webbycraft.com\/shop\/wp-content\/uploads\/2024\/05\/171579946041rJMYnCU6L-150x150.jpg",150,150,true],"medium":["https:\/\/webbycraft.com\/shop\/wp-content\/uploads\/2024\/05\/171579946041rJMYnCU6L-300x300.jpg",300,300,true],"medium_large":["https:\/\/webbycraft.com\/shop\/wp-content\/uploads\/2024\/05\/171579946041rJMYnCU6L.jpg",500,500,false],"large":["https:\/\/webbycraft.com\/shop\/wp-content\/uploads\/2024\/05\/171579946041rJMYnCU6L.jpg",500,500,false],"1536x1536":["https:\/\/webbycraft.com\/shop\/wp-content\/uploads\/2024\/05\/171579946041rJMYnCU6L.jpg",500,500,false],"2048x2048":["https:\/\/webbycraft.com\/shop\/wp-content\/uploads\/2024\/05\/171579946041rJMYnCU6L.jpg",500,500,false],"guten_post_layout_landscape_large":["https:\/\/webbycraft.com\/shop\/wp-content\/uploads\/2024\/05\/171579946041rJMYnCU6L.jpg",500,500,false],"guten_post_layout_portrait_large":["https:\/\/webbycraft.com\/shop\/wp-content\/uploads\/2024\/05\/171579946041rJMYnCU6L.jpg",500,500,false],"guten_post_layout_square_large":["https:\/\/webbycraft.com\/shop\/wp-content\/uploads\/2024\/05\/171579946041rJMYnCU6L.jpg",500,500,false],"guten_post_layout_landscape":["https:\/\/webbycraft.com\/shop\/wp-content\/uploads\/2024\/05\/171579946041rJMYnCU6L.jpg",400,400,false],"guten_post_layout_portrait":["https:\/\/webbycraft.com\/shop\/wp-content\/uploads\/2024\/05\/171579946041rJMYnCU6L.jpg",500,500,false],"guten_post_layout_square":["https:\/\/webbycraft.com\/shop\/wp-content\/uploads\/2024\/05\/171579946041rJMYnCU6L.jpg",500,500,false],"stylish-fashion-shop-featured-header-image":["https:\/\/webbycraft.com\/shop\/wp-content\/uploads\/2024\/05\/171579946041rJMYnCU6L.jpg",500,500,false],"woocommerce_thumbnail":["https:\/\/webbycraft.com\/shop\/wp-content\/uploads\/2024\/05\/171579946041rJMYnCU6L-300x300.jpg",300,300,true],"woocommerce_single":["https:\/\/webbycraft.com\/shop\/wp-content\/uploads\/2024\/05\/171579946041rJMYnCU6L.jpg",500,500,false],"woocommerce_gallery_thumbnail":["https:\/\/webbycraft.com\/shop\/wp-content\/uploads\/2024\/05\/171579946041rJMYnCU6L-100x100.jpg",100,100,true]},"_links":{"self":[{"href":"https:\/\/webbycraft.com\/shop\/wp-json\/wp\/v2\/product\/183","targetHints":{"allow":["GET"]}}],"collection":[{"href":"https:\/\/webbycraft.com\/shop\/wp-json\/wp\/v2\/product"}],"about":[{"href":"https:\/\/webbycraft.com\/shop\/wp-json\/wp\/v2\/types\/product"}],"replies":[{"embeddable":true,"href":"https:\/\/webbycraft.com\/shop\/wp-json\/wp\/v2\/comments?post=183"}],"wp:featuredmedia":[{"embeddable":true,"href":"https:\/\/webbycraft.com\/shop\/wp-json\/wp\/v2\/media\/223"}],"wp:attachment":[{"href":"https:\/\/webbycraft.com\/shop\/wp-json\/wp\/v2\/media?parent=183"}],"wp:term":[{"taxonomy":"product_brand","embeddable":true,"href":"https:\/\/webbycraft.com\/shop\/wp-json\/wp\/v2\/product_brand?post=183"},{"taxonomy":"product_type","embeddable":true,"href":"https:\/\/webbycraft.com\/shop\/wp-json\/wp\/v2\/product_types?post=183"},{"taxonomy":"product_visibility","embeddable":true,"href":"https:\/\/webbycraft.com\/shop\/wp-json\/wp\/v2\/product_visibilitys?post=183"},{"taxonomy":"product_cat","embeddable":true,"href":"https:\/\/webbycraft.com\/shop\/wp-json\/wp\/v2\/product_cat?post=183"},{"taxonomy":"product_tag","embeddable":true,"href":"https:\/\/webbycraft.com\/shop\/wp-json\/wp\/v2\/product_tag?post=183"},{"taxonomy":"product_shipping_class","embeddable":true,"href":"https:\/\/webbycraft.com\/shop\/wp-json\/wp\/v2\/product_shipping_classs?post=183"},{"taxonomy":"pos_product_visibility","embeddable":true,"href":"https:\/\/webbycraft.com\/shop\/wp-json\/wp\/v2\/pos_product_visibilitys?post=183"},{"taxonomy":"pa_apew_brand","embeddable":true,"href":"https:\/\/webbycraft.com\/shop\/wp-json\/wp\/v2\/pa_apew_brands?post=183"},{"taxonomy":"pa_apew_height","embeddable":true,"href":"https:\/\/webbycraft.com\/shop\/wp-json\/wp\/v2\/pa_apew_heights?post=183"},{"taxonomy":"pa_apew_length","embeddable":true,"href":"https:\/\/webbycraft.com\/shop\/wp-json\/wp\/v2\/pa_apew_lengths?post=183"},{"taxonomy":"pa_apew_manufacturer","embeddable":true,"href":"https:\/\/webbycraft.com\/shop\/wp-json\/wp\/v2\/pa_apew_manufacturers?post=183"},{"taxonomy":"pa_apew_model","embeddable":true,"href":"https:\/\/webbycraft.com\/shop\/wp-json\/wp\/v2\/pa_apew_models?post=183"},{"taxonomy":"pa_apew_quantity","embeddable":true,"href":"https:\/\/webbycraft.com\/shop\/wp-json\/wp\/v2\/pa_apew_quantitys?post=183"},{"taxonomy":"pa_apew_size","embeddable":true,"href":"https:\/\/webbycraft.com\/shop\/wp-json\/wp\/v2\/pa_apew_sizes?post=183"},{"taxonomy":"pa_apew_upc","embeddable":true,"href":"https:\/\/webbycraft.com\/shop\/wp-json\/wp\/v2\/pa_apew_upcs?post=183"},{"taxonomy":"pa_apew_weight","embeddable":true,"href":"https:\/\/webbycraft.com\/shop\/wp-json\/wp\/v2\/pa_apew_weights?post=183"},{"taxonomy":"pa_apew_width","embeddable":true,"href":"https:\/\/webbycraft.com\/shop\/wp-json\/wp\/v2\/pa_apew_widths?post=183"}],"curies":[{"name":"wp","href":"https:\/\/api.w.org\/{rel}","templated":true}]}}